{"id":97,"date":"2020-03-10T11:48:59","date_gmt":"2020-03-10T10:48:59","guid":{"rendered":"https:\/\/www.martinmalina.com\/?page_id=97"},"modified":"2020-03-10T18:40:38","modified_gmt":"2020-03-10T17:40:38","slug":"krajske-mesta","status":"publish","type":"page","link":"https:\/\/www.martinmalina.com\/?page_id=97","title":{"rendered":"Krajsk\u00e9 mest\u00e1"},"content":{"rendered":"\n<p style=\"text-align:center\"><strong><em>Krajsk\u00e9 mest\u00e1<\/em><\/strong><em> sa zaoberaj\u00fa uliciami krajsk\u00fdch miest v hlavnom meste &#8211; Bratislava. Poukazuj\u00fa na to \u017ee nez\u00e1le\u017e\u00ed odkia\u013e \u010dlovek poch\u00e1dza z r\u00f4zn\u00fdch k\u00fatov Slovenska ale st\u00e1le si v hlavnom meste vie n\u00e1js\u0165 svoj kraj. Hlavn\u00e9 mesto je a v\u017edy bude charaketrizovan\u00e9 kumul\u00e1ciou \u013eud\u00ed z r\u00f4znych krajov a zvykov. <\/em>V\u0161etky grafiky zo s\u00e9rie Krajsk\u00e9 mest\u00e1 s\u00fa predajn\u00e9. Kus &#8211; 80 EUR<\/p>\n\n\n\n<ul class=\"wp-block-gallery alignfull columns-3 is-cropped\"><li class=\"blocks-gallery-item\"><figure><img loading=\"lazy\" width=\"1024\" height=\"720\" src=\"https:\/\/www.martinmalina.com\/wp-content\/uploads\/2020\/03\/Screen-Shot-2020-03-09-at-17.31.02-1-1024x720.png\" alt=\"\" data-id=\"83\" class=\"wp-image-83\" srcset=\"https:\/\/www.martinmalina.com\/wp-content\/uploads\/2020\/03\/Screen-Shot-2020-03-09-at-17.31.02-1-1024x720.png 1024w, https:\/\/www.martinmalina.com\/wp-content\/uploads\/2020\/03\/Screen-Shot-2020-03-09-at-17.31.02-1-300x211.png 300w, https:\/\/www.martinmalina.com\/wp-content\/uploads\/2020\/03\/Screen-Shot-2020-03-09-at-17.31.02-1-768x540.png 768w, https:\/\/www.martinmalina.com\/wp-content\/uploads\/2020\/03\/Screen-Shot-2020-03-09-at-17.31.02-1.png 1880w\" sizes=\"(max-width: 1024px) 100vw, 1024px\" \/><figcaption>Trn\u00e1vska ulica<\/figcaption><\/figure><\/li><li class=\"blocks-gallery-item\"><figure><img loading=\"lazy\" width=\"1024\" height=\"724\" src=\"https:\/\/www.martinmalina.com\/wp-content\/uploads\/2020\/03\/trns-1024x724.jpg\" alt=\"\" data-id=\"104\" data-link=\"https:\/\/www.martinmalina.com\/?attachment_id=104\" class=\"wp-image-104\" srcset=\"https:\/\/www.martinmalina.com\/wp-content\/uploads\/2020\/03\/trns-1024x724.jpg 1024w, https:\/\/www.martinmalina.com\/wp-content\/uploads\/2020\/03\/trns-300x212.jpg 300w, https:\/\/www.martinmalina.com\/wp-content\/uploads\/2020\/03\/trns-768x543.jpg 768w\" sizes=\"(max-width: 1024px) 100vw, 1024px\" \/><figcaption>Trn\u00e1vska ulica<\/figcaption><\/figure><\/li><li class=\"blocks-gallery-item\"><figure><img loading=\"lazy\" width=\"724\" height=\"1024\" src=\"https:\/\/www.martinmalina.com\/wp-content\/uploads\/2020\/03\/banskobystrick\u00e1-724x1024.jpg\" alt=\"\" data-id=\"105\" data-link=\"https:\/\/www.martinmalina.com\/?attachment_id=105\" class=\"wp-image-105\" srcset=\"https:\/\/www.martinmalina.com\/wp-content\/uploads\/2020\/03\/banskobystrick\u00e1-724x1024.jpg 724w, https:\/\/www.martinmalina.com\/wp-content\/uploads\/2020\/03\/banskobystrick\u00e1-212x300.jpg 212w, https:\/\/www.martinmalina.com\/wp-content\/uploads\/2020\/03\/banskobystrick\u00e1-768x1086.jpg 768w\" sizes=\"(max-width: 724px) 100vw, 724px\" \/><figcaption>Banskobystrck\u00e1 ulica<\/figcaption><\/figure><\/li><li class=\"blocks-gallery-item\"><figure><img loading=\"lazy\" width=\"724\" height=\"1024\" src=\"https:\/\/www.martinmalina.com\/wp-content\/uploads\/2020\/03\/ziliznksa-724x1024.jpg\" alt=\"\" data-id=\"106\" data-link=\"https:\/\/www.martinmalina.com\/?attachment_id=106\" class=\"wp-image-106\" srcset=\"https:\/\/www.martinmalina.com\/wp-content\/uploads\/2020\/03\/ziliznksa-724x1024.jpg 724w, https:\/\/www.martinmalina.com\/wp-content\/uploads\/2020\/03\/ziliznksa-212x300.jpg 212w, https:\/\/www.martinmalina.com\/wp-content\/uploads\/2020\/03\/ziliznksa-768x1086.jpg 768w\" sizes=\"(max-width: 724px) 100vw, 724px\" \/><figcaption>\u017dilinsk\u00e1 ulica<\/figcaption><\/figure><\/li><li class=\"blocks-gallery-item\"><figure><img loading=\"lazy\" width=\"724\" height=\"1024\" src=\"https:\/\/www.martinmalina.com\/wp-content\/uploads\/2020\/03\/Zilnska--724x1024.jpg\" alt=\"\" data-id=\"107\" data-link=\"https:\/\/www.martinmalina.com\/?attachment_id=107\" class=\"wp-image-107\" srcset=\"https:\/\/www.martinmalina.com\/wp-content\/uploads\/2020\/03\/Zilnska--724x1024.jpg 724w, https:\/\/www.martinmalina.com\/wp-content\/uploads\/2020\/03\/Zilnska--212x300.jpg 212w, https:\/\/www.martinmalina.com\/wp-content\/uploads\/2020\/03\/Zilnska--768x1086.jpg 768w\" sizes=\"(max-width: 724px) 100vw, 724px\" \/><figcaption>\u017dilinsk\u00e1 ulica<\/figcaption><\/figure><\/li><li class=\"blocks-gallery-item\"><figure><img loading=\"lazy\" width=\"724\" height=\"1024\" src=\"https:\/\/www.martinmalina.com\/wp-content\/uploads\/2020\/03\/Nitrianska_-724x1024.jpg\" alt=\"\" data-id=\"108\" data-link=\"https:\/\/www.martinmalina.com\/?attachment_id=108\" class=\"wp-image-108\" srcset=\"https:\/\/www.martinmalina.com\/wp-content\/uploads\/2020\/03\/Nitrianska_-724x1024.jpg 724w, https:\/\/www.martinmalina.com\/wp-content\/uploads\/2020\/03\/Nitrianska_-212x300.jpg 212w, https:\/\/www.martinmalina.com\/wp-content\/uploads\/2020\/03\/Nitrianska_-768x1086.jpg 768w\" sizes=\"(max-width: 724px) 100vw, 724px\" \/><figcaption>Nitriansk\u00e1 ulica<\/figcaption><\/figure><\/li><li class=\"blocks-gallery-item\"><figure><img loading=\"lazy\" width=\"1024\" height=\"724\" src=\"https:\/\/www.martinmalina.com\/wp-content\/uploads\/2020\/03\/nitrianska-1024x724.jpg\" alt=\"\" data-id=\"109\" data-link=\"https:\/\/www.martinmalina.com\/?attachment_id=109\" class=\"wp-image-109\" srcset=\"https:\/\/www.martinmalina.com\/wp-content\/uploads\/2020\/03\/nitrianska-1024x724.jpg 1024w, https:\/\/www.martinmalina.com\/wp-content\/uploads\/2020\/03\/nitrianska-300x212.jpg 300w, https:\/\/www.martinmalina.com\/wp-content\/uploads\/2020\/03\/nitrianska-768x543.jpg 768w\" sizes=\"(max-width: 1024px) 100vw, 1024px\" \/><figcaption>Nitriansk\u00e1 ulica<\/figcaption><\/figure><\/li><li class=\"blocks-gallery-item\"><figure><img loading=\"lazy\" width=\"1024\" height=\"724\" src=\"https:\/\/www.martinmalina.com\/wp-content\/uploads\/2020\/03\/kosicka-1024x724.jpg\" alt=\"\" data-id=\"110\" data-link=\"https:\/\/www.martinmalina.com\/?attachment_id=110\" class=\"wp-image-110\" srcset=\"https:\/\/www.martinmalina.com\/wp-content\/uploads\/2020\/03\/kosicka-1024x724.jpg 1024w, https:\/\/www.martinmalina.com\/wp-content\/uploads\/2020\/03\/kosicka-300x212.jpg 300w, https:\/\/www.martinmalina.com\/wp-content\/uploads\/2020\/03\/kosicka-768x543.jpg 768w\" sizes=\"(max-width: 1024px) 100vw, 1024px\" \/><figcaption>Ko\u0161ick\u00e1 ulica<\/figcaption><\/figure><\/li><li class=\"blocks-gallery-item\"><figure><img loading=\"lazy\" width=\"724\" height=\"1024\" src=\"https:\/\/www.martinmalina.com\/wp-content\/uploads\/2020\/03\/kosicka_-724x1024.jpg\" alt=\"\" data-id=\"111\" data-link=\"https:\/\/www.martinmalina.com\/?attachment_id=111\" class=\"wp-image-111\" srcset=\"https:\/\/www.martinmalina.com\/wp-content\/uploads\/2020\/03\/kosicka_-724x1024.jpg 724w, https:\/\/www.martinmalina.com\/wp-content\/uploads\/2020\/03\/kosicka_-212x300.jpg 212w, https:\/\/www.martinmalina.com\/wp-content\/uploads\/2020\/03\/kosicka_-768x1086.jpg 768w\" sizes=\"(max-width: 724px) 100vw, 724px\" \/><figcaption>Ko\u0161ick\u00e1 ulica<\/figcaption><\/figure><\/li><li class=\"blocks-gallery-item\"><figure><img loading=\"lazy\" width=\"724\" height=\"1024\" src=\"https:\/\/www.martinmalina.com\/wp-content\/uploads\/2020\/03\/trencianska-724x1024.jpg\" alt=\"\" data-id=\"114\" data-link=\"https:\/\/www.martinmalina.com\/?attachment_id=114\" class=\"wp-image-114\" srcset=\"https:\/\/www.martinmalina.com\/wp-content\/uploads\/2020\/03\/trencianska-724x1024.jpg 724w, https:\/\/www.martinmalina.com\/wp-content\/uploads\/2020\/03\/trencianska-212x300.jpg 212w, https:\/\/www.martinmalina.com\/wp-content\/uploads\/2020\/03\/trencianska-768x1086.jpg 768w\" sizes=\"(max-width: 724px) 100vw, 724px\" \/><figcaption>Tren\u010diansk\u00e1 ulica<\/figcaption><\/figure><\/li><li class=\"blocks-gallery-item\"><figure><img loading=\"lazy\" width=\"1024\" height=\"724\" src=\"https:\/\/www.martinmalina.com\/wp-content\/uploads\/2020\/03\/trencianska_-1024x724.jpg\" alt=\"\" data-id=\"115\" data-link=\"https:\/\/www.martinmalina.com\/?attachment_id=115\" class=\"wp-image-115\" srcset=\"https:\/\/www.martinmalina.com\/wp-content\/uploads\/2020\/03\/trencianska_-1024x724.jpg 1024w, https:\/\/www.martinmalina.com\/wp-content\/uploads\/2020\/03\/trencianska_-300x212.jpg 300w, https:\/\/www.martinmalina.com\/wp-content\/uploads\/2020\/03\/trencianska_-768x543.jpg 768w\" sizes=\"(max-width: 1024px) 100vw, 1024px\" \/><figcaption>Tren\u010diansk\u00e1 ulica<\/figcaption><\/figure><\/li><li class=\"blocks-gallery-item\"><figure><img loading=\"lazy\" width=\"724\" height=\"1024\" src=\"https:\/\/www.martinmalina.com\/wp-content\/uploads\/2020\/03\/Presovkass_-724x1024.jpg\" alt=\"\" data-id=\"117\" data-link=\"https:\/\/www.martinmalina.com\/?attachment_id=117\" class=\"wp-image-117\" srcset=\"https:\/\/www.martinmalina.com\/wp-content\/uploads\/2020\/03\/Presovkass_-724x1024.jpg 724w, https:\/\/www.martinmalina.com\/wp-content\/uploads\/2020\/03\/Presovkass_-212x300.jpg 212w, https:\/\/www.martinmalina.com\/wp-content\/uploads\/2020\/03\/Presovkass_-768x1086.jpg 768w\" sizes=\"(max-width: 724px) 100vw, 724px\" \/><figcaption>Pre\u0161ovsk\u00e1 ulica<\/figcaption><\/figure><\/li><\/ul>\n","protected":false},"excerpt":{"rendered":"<p>Krajsk\u00e9 mest\u00e1 sa zaoberaj\u00fa uliciami krajsk\u00fdch miest v hlavnom meste &#8211; Bratislava. Poukazuj\u00fa na to \u017ee nez\u00e1le\u017e\u00ed odkia\u013e \u010dlovek poch\u00e1dza z r\u00f4zn\u00fdch k\u00fatov Slovenska ale st\u00e1le si v hlavnom meste vie n\u00e1js\u0165 svoj kraj. Hlavn\u00e9 mesto je a v\u017edy bude charaketrizovan\u00e9 kumul\u00e1ciou \u013eud\u00ed z r\u00f4znych krajov a zvykov. V\u0161etky grafiky zo s\u00e9rie Krajsk\u00e9 mest\u00e1 s\u00fa &hellip; <a href=\"https:\/\/www.martinmalina.com\/?page_id=97\" class=\"more-link\"><span class=\"more-button\">Continue reading &raquo;<span class=\"screen-reader-text\">Krajsk\u00e9 mest\u00e1<\/span><\/span><\/a><\/p>\n","protected":false},"author":1,"featured_media":0,"parent":46,"menu_order":0,"comment_status":"closed","ping_status":"closed","template":"templates\/no-sidebar.php","meta":[],"_links":{"self":[{"href":"https:\/\/www.martinmalina.com\/index.php?rest_route=\/wp\/v2\/pages\/97"}],"collection":[{"href":"https:\/\/www.martinmalina.com\/index.php?rest_route=\/wp\/v2\/pages"}],"about":[{"href":"https:\/\/www.martinmalina.com\/index.php?rest_route=\/wp\/v2\/types\/page"}],"author":[{"embeddable":true,"href":"https:\/\/www.martinmalina.com\/index.php?rest_route=\/wp\/v2\/users\/1"}],"replies":[{"embeddable":true,"href":"https:\/\/www.martinmalina.com\/index.php?rest_route=%2Fwp%2Fv2%2Fcomments&post=97"}],"version-history":[{"count":10,"href":"https:\/\/www.martinmalina.com\/index.php?rest_route=\/wp\/v2\/pages\/97\/revisions"}],"predecessor-version":[{"id":216,"href":"https:\/\/www.martinmalina.com\/index.php?rest_route=\/wp\/v2\/pages\/97\/revisions\/216"}],"up":[{"embeddable":true,"href":"https:\/\/www.martinmalina.com\/index.php?rest_route=\/wp\/v2\/pages\/46"}],"wp:attachment":[{"href":"https:\/\/www.martinmalina.com\/index.php?rest_route=%2Fwp%2Fv2%2Fmedia&parent=97"}],"curies":[{"name":"wp","href":"https:\/\/api.w.org\/{rel}","templated":true}]}}