{"id":190,"date":"2020-03-10T16:09:13","date_gmt":"2020-03-10T15:09:13","guid":{"rendered":"https:\/\/www.martinmalina.com\/?page_id=190"},"modified":"2020-03-10T18:35:04","modified_gmt":"2020-03-10T17:35:04","slug":"volavka-kaviaren","status":"publish","type":"page","link":"https:\/\/www.martinmalina.com\/?page_id=190","title":{"rendered":"Volavka kaviare\u0148"},"content":{"rendered":"\n<p style=\"text-align:center\"><em><strong>Volavka kaviare\u0148<\/strong> sa nach\u00e1dza v ma\u013eebnej \u0161tvrti neda\u013eeko Bratislavsk\u00e9ho trhoviska &#8211; Mileti\u010dov\u00e1. Pri zadan\u00ed na vizu\u00e1l tejto kaviarne som sa s\u00fastredil na jemnos\u0165, estetiku a perfekcionalizmus priestoru. Logo v kone\u010dnej podobe je minimalistick\u00e9 a aspekty pripom\u00ednaj\u00fa zob\u00e1\u010dik volavky. Pri rie\u0161en\u00ed menu som vych\u00e1dzal z jemn\u00fdch tvarov danej ponuky a aby odrzkadlovali \u010do v danej sekci\u00ed menu sa pon\u00faka. Vizu\u00e1l menu a samotn\u00e9ho loga je k\u013e\u00fa\u010dov\u00fdm. <\/em><\/p>\n\n\n\n<ul class=\"wp-block-gallery alignwide columns-2 is-cropped\"><li class=\"blocks-gallery-item\"><figure><img loading=\"lazy\" width=\"1024\" height=\"724\" src=\"https:\/\/www.martinmalina.com\/wp-content\/uploads\/2020\/03\/volavka_2-1024x724.jpg\" alt=\"\" data-id=\"209\" data-link=\"https:\/\/www.martinmalina.com\/?attachment_id=209\" class=\"wp-image-209\" srcset=\"https:\/\/www.martinmalina.com\/wp-content\/uploads\/2020\/03\/volavka_2-1024x724.jpg 1024w, https:\/\/www.martinmalina.com\/wp-content\/uploads\/2020\/03\/volavka_2-300x212.jpg 300w, https:\/\/www.martinmalina.com\/wp-content\/uploads\/2020\/03\/volavka_2-768x543.jpg 768w\" sizes=\"(max-width: 1024px) 100vw, 1024px\" \/><\/figure><\/li><li class=\"blocks-gallery-item\"><figure><img loading=\"lazy\" width=\"1024\" height=\"724\" src=\"https:\/\/www.martinmalina.com\/wp-content\/uploads\/2020\/03\/volav_menu1-1024x724.jpg\" alt=\"\" data-id=\"210\" data-link=\"https:\/\/www.martinmalina.com\/?attachment_id=210\" class=\"wp-image-210\" srcset=\"https:\/\/www.martinmalina.com\/wp-content\/uploads\/2020\/03\/volav_menu1-1024x724.jpg 1024w, https:\/\/www.martinmalina.com\/wp-content\/uploads\/2020\/03\/volav_menu1-300x212.jpg 300w, https:\/\/www.martinmalina.com\/wp-content\/uploads\/2020\/03\/volav_menu1-768x543.jpg 768w\" sizes=\"(max-width: 1024px) 100vw, 1024px\" \/><\/figure><\/li><\/ul>\n","protected":false},"excerpt":{"rendered":"<p>Volavka kaviare\u0148 sa nach\u00e1dza v ma\u013eebnej \u0161tvrti neda\u013eeko Bratislavsk\u00e9ho trhoviska &#8211; Mileti\u010dov\u00e1. Pri zadan\u00ed na vizu\u00e1l tejto kaviarne som sa s\u00fastredil na jemnos\u0165, estetiku a perfekcionalizmus priestoru. Logo v kone\u010dnej podobe je minimalistick\u00e9 a aspekty pripom\u00ednaj\u00fa zob\u00e1\u010dik volavky. Pri rie\u0161en\u00ed menu som vych\u00e1dzal z jemn\u00fdch tvarov danej ponuky a aby odrzkadlovali \u010do v danej sekci\u00ed &hellip; <a href=\"https:\/\/www.martinmalina.com\/?page_id=190\" class=\"more-link\"><span class=\"more-button\">Continue reading &raquo;<span class=\"screen-reader-text\">Volavka kaviare\u0148<\/span><\/span><\/a><\/p>\n","protected":false},"author":1,"featured_media":214,"parent":189,"menu_order":0,"comment_status":"closed","ping_status":"closed","template":"templates\/no-sidebar.php","meta":[],"_links":{"self":[{"href":"https:\/\/www.martinmalina.com\/index.php?rest_route=\/wp\/v2\/pages\/190"}],"collection":[{"href":"https:\/\/www.martinmalina.com\/index.php?rest_route=\/wp\/v2\/pages"}],"about":[{"href":"https:\/\/www.martinmalina.com\/index.php?rest_route=\/wp\/v2\/types\/page"}],"author":[{"embeddable":true,"href":"https:\/\/www.martinmalina.com\/index.php?rest_route=\/wp\/v2\/users\/1"}],"replies":[{"embeddable":true,"href":"https:\/\/www.martinmalina.com\/index.php?rest_route=%2Fwp%2Fv2%2Fcomments&post=190"}],"version-history":[{"count":4,"href":"https:\/\/www.martinmalina.com\/index.php?rest_route=\/wp\/v2\/pages\/190\/revisions"}],"predecessor-version":[{"id":213,"href":"https:\/\/www.martinmalina.com\/index.php?rest_route=\/wp\/v2\/pages\/190\/revisions\/213"}],"up":[{"embeddable":true,"href":"https:\/\/www.martinmalina.com\/index.php?rest_route=\/wp\/v2\/pages\/189"}],"wp:featuredmedia":[{"embeddable":true,"href":"https:\/\/www.martinmalina.com\/index.php?rest_route=\/wp\/v2\/media\/214"}],"wp:attachment":[{"href":"https:\/\/www.martinmalina.com\/index.php?rest_route=%2Fwp%2Fv2%2Fmedia&parent=190"}],"curies":[{"name":"wp","href":"https:\/\/api.w.org\/{rel}","templated":true}]}}